{"id":51,"date":"2023-09-11T08:57:35","date_gmt":"2023-09-11T06:57:35","guid":{"rendered":"https:\/\/ivujovic.pfst.hr\/?page_id=51"},"modified":"2025-07-08T17:46:19","modified_gmt":"2025-07-08T15:46:19","slug":"zivotopis","status":"publish","type":"page","link":"https:\/\/ivujovic.pfst.hr\/index.php\/zivotopis\/","title":{"rendered":"\u017divotopis"},"content":{"rendered":"\n<p><a href=\"https:\/\/ivujovic.pfst.hr\/index.php\/biography\/\" data-type=\"link\" data-id=\"https:\/\/ivujovic.pfst.hr\/index.php\/biography\/\">BIOGRAPHY<\/a><\/p>\n\n\n\n<p>Igor Vujovi\u0107 ro\u0111en je u Splitu 29. listopada 1972. godine. U Plo\u010dama je s odli\u010dnim uspjehom zavr\u0161io osnovnu \u0161kolu i prirodoslovno-matemati\u010dku gimnaziju. Sudjelovao je na regionalnom takmi\u010denju mladih fizi\u010dara 1989. godine. Nakon osnovne \u0161kole zavr\u0161io je i muzi\u010dku \u0161kolu u Plo\u010dama (instrument violina, klasa prof. Bauer Tibor).<\/p>\n\n\n\n<p>Diplomirao je elektrotehniku na splitskom Fakultetu elektrotehnike, strojarstva i brodogradnje, na odjelu za elektroniku (usmjerenje tijekom studija: automatika) 18. srpnja 1997. Za vrijeme studija bio je u grupi prof. dr. sc. Vuletin iz fizike elementarnih \u010destica na drugoj godini studija. Na \u010detvrtoj godini bio je demonstrator iz kolegija &#8220;Biokibernetika&#8221;.<\/p>\n\n\n\n<p>Nakon diplomiranja, boravio je mjesec dana na FE u Ljubljani u sklopu CEPUS programa na projektima prepoznavanja govora, koordinacije robotskih pokreta analizom slike i biomehanici i rehabilitaciji ljudskog hoda.<\/p>\n\n\n\n<p>Postdiplomski studij upisao je na FESB-u u Splitu.<\/p>\n\n\n\n<p>Od jeseni 1997. radio je kao vanjski suradnik-asistent na laboratorijskim i auditornim vje\u017ebama iz kolegija: &#8220;Brodska elektrotehnika&#8221;, a kasnije i na kolegijima &#8220;Elektrotehni\u010dki materijali&#8221;, &#8220;Brodska elektrotehnika i elektronika&#8221;, &#8220;Elektrotehni\u010dki sustavi&#8221; na Visokoj pomorskoj \u0161koli u Splitu i &#8220;Elektrotehnika&#8221; i &#8220;Osnove brodske elektrotehnike i elektronike&#8221; na Sveu\u010dili\u0161nom odjelu za studij mora i pomorstva.<\/p>\n\n\n\n<p>Odslu\u017eio je vojni rok 1998. godine u trajanju 10 mjeseci te zavr\u0161io temeljnu vojni\u010dku obuku i specijalisti\u010dki mornari\u010dko-tehni\u010dku.<\/p>\n\n\n\n<p>Od 1999. do 2001. godine, sudjelovao je u osmi\u0161ljavanju i pripremi novih laboratorijskih vje\u017ebi zahtjevanih po STCW konvenciji.<\/p>\n\n\n\n<p>Bio je postdiplomant u LaBACS-u na FESB-u.<\/p>\n\n\n\n<p><a href=\"file:\/\/\/C:\/Users\/aparcina\/Desktop\/moja_internet_stranica\/stare_stranice\/ppt\/nastupno.ppt\">Nastupno predavanje<\/a> pod nazivom &#8220;Opti\u010dki kabeli &#8211; svojstva i primjena&#8221; odr\u017eao je 23. svibnja 2001. godine.<\/p>\n\n\n\n<p>U predava\u010da za podru\u010dje Elektrotehnike izabran je na Elektrotehni\u010dkom fakultetu u Zagrebu. Od akademske godine 2001\/02 do 2004\/05 predaje kolegij &#8220;Elektrotehni\u010dki materijali&#8221;, te dr\u017ei vje\u017ebe iz gore navedenih kolegija na Pomorskom fakultetu u Splitu.<\/p>\n\n\n\n<p>Od 1998. do 2003. provodio samostalna istra\u017eivanja azbestoze i mogu\u0107nosti njene dijagnostike s pomo\u0107u ra\u010dunala.<\/p>\n\n\n\n<p>Magistrirao je na FESB-u u Splitu 03. 09. 2004. s temom: Primjena vali\u0107a u obradi biomedicinskih podataka na primjeru sa\u017eimanja rendgenske slike oboljelih od profesionalne azbestoze. Doktorirao je na FESB-u u Splitu 19. 10. 2011. s temom: Potiskivanje utjecaja promjena osvijetljenosti kod otkrivanja kretnji pomo\u0107u vali\u0107ne transformacije.<\/p>\n\n\n\n<p>30.9.2004. osposobljen je za provedbu mjera za\u0161tite od po\u017eara (Antipiros d.o.o. Split).<\/p>\n\n\n\n<p>Nakon magisterija stru\u010dno se usavr\u0161avao preko seminara na Internetu (webinar):<\/p>\n\n\n\n<p>&#8211; Biomedical Signal Processing with MatLab (Academic focus),<\/p>\n\n\n\n<p>&#8211; Biomedical Statistics &amp; Curve Fitting with MatLab (Academic focus),<\/p>\n\n\n\n<p>&#8211; Image Processing Using MatLab,<\/p>\n\n\n\n<p>&#8211; Optimization with MatLab and the Generic Algorithm and Direct Search Toolbox,<\/p>\n\n\n\n<p>&#8211; Signal &amp; Image Processing for Medical Applications<\/p>\n\n\n\n<p>Tijekom 2004. dr\u017eao je i predavanja iz podru\u010dja brodske elektronike u sklopu kolegija Brodske elektrotehnike i elektronike na izvanrednom studiju pomorske nautike Pomorskog fakulteta u Splitu. Akademske godine 2004\/05. dr\u017eao je i predavanja iz drugog semestra (izmjeni\u010dne struje, transformatori, \u010detveropoli, trofazni sustavi, mre\u017ee) u sklopu kolegija Brodska elektrotehnika na redovnom studiju Brodske elektroenergetike i elektronike Pomorskog fakulteta u Splitu odjela u \u0160ibeniku.<\/p>\n\n\n\n<p>Od akademske godine 2005\/06 (prva godina po Bolognskom procesu) dr\u017ei dio predavanja i vje\u017ebe iz kolegija Osnove elektrotehnike 1 na studiju Pomorskih elektrotehni\u010dkih i informacijskih tehnologija, te do 2011\/12 predavanja i vje\u017ebe iz kolegija Brodska elektrotehnika i elektronika na studijima Pomorskih tehnologija jahta i marina i Pomorskom menad\u017ementu (znanstveni studij). AG 2005\/06 dr\u017ei na 2. godini Pomorske nautike (stru\u010dni studij) predavanja ivje\u017ebe. Na PEIT-u dr\u017ei vje\u017ebe iz Fizike i Osnova elektrotehnike 2 od 2005\/06 do 2011\/12. Od akademske godine 2007\/08, uz ve\u0107 gore spomenute predmete, predaje i kolegij &#8220;Obrada i analiza signala&#8221; na PEIT-u (3. godina). Od AG 2012\/13 predaje kolegij &#8220;Ra\u010dunalno upravljanje tehni\u010dkim sustavima\u201c na predidplomskom studiju PEIT (3.godina) te diplomskom studiju D-PM, D-PN, D-PSP i D-BS. Na diplomskog studiju PET-a predaje predmete &#8220;Nove tehnologije elektrotehni\u010dkih materijala&#8221; i &#8220;Modeliranje i simuliarnje u elektrotehnici (Matlab\/Simulink)&#8221;, a od AG 2012\/13 i \u201eNove tehnologije u dijagnostici i upravljanju\u201c. <\/p>\n\n\n\n<p>Trenutno izvodi nastavu kolegija Osnove elektrotehnike 1 i 2 (PEIT), Brodska elektrotehnika (BS), Obrada i analiza signala (PEIT), \u200b\u200b<strong>\u200b<\/strong>Remote Sensing for Sustainable\u200b Maritime Development (D-PM, D-BS, D-PEIT), Napredni algoritmi u prometnim nadzornim sustavima (Doktorski studij Tehnologije u pomorstvu) i Izabrana poglavlja iz vremensko-frekvencijske analize signala (doktorski studij, FESB).<\/p>\n\n\n\n<p>Dana 21. o\u017eujka 2006. i 31.o\u017eujka 2011. izabran je za vi\u0161eg predava\u010da iz tehni\u010dkih znanosti, elektrotehnike, grane elektronike na Pomorskom fakultetu u Splitu. 12.07.2012. izabran je u znanstvenog suradnika, a 23. 10. 2012. za docenta u istom polju i grani. 2. 5. 2018. izabran je u izvanrednog profesora.<\/p>\n\n\n\n<p>13.1.2023. izabran je u znanstvenog savjetnika (elektrotehnika).<\/p>\n\n\n\n<p>26.6.2023. FV PFST izabralo ga je u redovitog profesora, a 13.7.2023. Senat Sveu\u010dili\u0161ta u Splitu je to potvrdio.<\/p>\n\n\n\n<p>Od 16. svibnja 2006. <strong>tajnik je Poslijediplomskog stru\u010dnog studija<\/strong> Pomorskog fakulteta u Splitu. Od tada je i \u010dlan Povjerenstva za poslijediplomski studij Pomorskog fakulteta u Splitu (2006-2008). Bio je \u010dlan Povjerenstva za provo\u0111enje studentske ankete nastavnika za AG 2004\/2005 (\u010dlan), 2005\/06 (\u010dlan), 2006\/07 (zamjenik presjednika), 2007\/08 (zamjenik presjednika) te niza drugih komisija. Od listopada 2008. do 2010. <strong>\u010dlan je Povjerenstva za znanstveni rad<\/strong>, <strong>pomo\u0107nik predstojnika zavoda<\/strong> PEIT te je jo\u0161 uvijek na du\u017enosti <strong>povjerenika<\/strong> za provedbu studentskih anketa.<\/p>\n\n\n\n<p>Glavni urednik \u010dasopisa &#8220;Transactions on Maritime Science&#8221;&nbsp; je od 2019. godine. Izvr\u0161ni je urednik \u010dasopisa &#8220;Transactions on Maritime Science&#8221; bio od 2011. do 2019. godine. U organizacijskom odboru IMSC 2012 (4th INTERNATIONAL MARITIME SCIENCE CONFERENCE, June 16th &#8211; 17th 2012), IMSC 2013, IMSC 2014, te u tehni\u010dkom odboru IMSC 2017 i 2016 International Conference on Wireless Communication and Sensor Network (Wuhan, China).<\/p>\n\n\n\n<p>U uredni\u010dkom odboru \u010dasopisa Journal of Maritime Sciences je od 2022. U Odborima je \u010dasopisa Electronics, Journal of Marine Science and Engineering i Signals.<\/p>\n\n\n\n<p>Pored klasi\u010dnih podru\u010dja brodske elektrotehnike, elektronike i elektrotehni\u010dkih materijala i tehnologije, dosta vremena posve\u0107uje podru\u010djima: telemedicine, biomedicinskog in\u017eenjerstva, digitalnoj analizi biomedicinskih slika, vali\u0107noj analizi i suvremenim tehnologijama (nanotehnologija).<\/p>\n\n\n\n<p>Nalazi se u <a href=\"http:\/\/marquiswhoswho.com\/\">Marquis Who&#8217;s Who in Science and Engineering.<\/a>&nbsp; Autor i koautor je mnogih znanstvenih i stru\u010dnih<a href=\"https:\/\/ivujovic.pfst.hr\/index.php\/radovi\/\" data-type=\"link\" data-id=\"https:\/\/ivujovic.pfst.hr\/index.php\/radovi\/\"> radova<\/a><a href=\"file:\/\/\/C:\/Users\/aparcina\/Desktop\/moja_internet_stranica\/radovi.htm\">.<\/a><\/p>\n\n\n\n<p>Dobitnik rektorove nagrade za znanost za 2024.<br>Dobitnik nagrade za <a href=\"https:\/\/www.mdpi.com\/journal\/applsci\/awards\/2946\" data-type=\"link\" data-id=\"https:\/\/www.mdpi.com\/journal\/applsci\/awards\/2946\">istaknutog recenzenta<\/a> Applied Sciences za 2024. <a href=\"https:\/\/www.mdpi.com\/about\/announcements\/11713\" data-type=\"link\" data-id=\"https:\/\/www.mdpi.com\/about\/announcements\/11713\">Intervju<\/a> povodog toga je na linku.<\/p>\n\n\n\n<p><strong>FUNKCIJE:<\/strong><\/p>\n\n\n\n<p>&#8211; <strong>predstojnik zavoda<\/strong> za PEIT <\/p>\n\n\n\n<p>&#8211;&nbsp;<strong>voditelj <\/strong><a href=\"https:\/\/ivujovic.pfst.hr\/index.php\/znanstvena-grupa-za-primjenu-novih-tehnologija-u-pomorstvu-research-team-for-the-application-of-new-technologies-in-maritime-affairs\/\" data-type=\"link\" data-id=\"https:\/\/ivujovic.pfst.hr\/index.php\/znanstvena-grupa-za-primjenu-novih-tehnologija-u-pomorstvu-research-team-for-the-application-of-new-technologies-in-maritime-affairs\/\">znanstvene grupe Nove tehnologije u pomorstvu<\/a><\/p>\n\n\n\n<p>&#8211; <strong>Voditelj <\/strong><a href=\"https:\/\/ivujovic.pfst.hr\/index.php\/spaadrel\/\" data-type=\"link\" data-id=\"https:\/\/ivujovic.pfst.hr\/index.php\/spaadrel\/\">Laboratorija za obradu i analizu signala i naprednu dijagnostiku<\/a> (SPAADREL),<\/p>\n\n\n\n<p><strong>&#8211; glavni urednik <\/strong>znanstvenog \u010dasopisa <a href=\"http:\/\/toms.com.hr\/\">Transactions on Maritime Science<\/a>,<\/p>\n\n\n\n<p>&#8211; <strong>voditelj projekta<\/strong> \u201c<a href=\"https:\/\/ivujovic.pfst.hr\/index.php\/spaadrel\/\" data-type=\"link\" data-id=\"https:\/\/ivujovic.pfst.hr\/index.php\/spaadrel\/\">Uspostava referalne baze za istra\u017eivanje utjecaja vremenskih prilika na video nadzor u pomorskom prometu<\/a>\u201d,<\/p>\n\n\n\n<p>&#8211; U\u010desnik EU projekta: Funkcionalna integracija Sveu\u010dili\u0161ta u Splitu ,PMF-ST,PFST, KTF-ST kroz razvoj znanstveno-istra\u017eiva\u010dke infrastrukture u Zgradi tri fakulteta,<\/p>\n\n\n\n<p>&#8211; <strong>predsjednik<\/strong> Povjerenstva za unutarnju prosudbu sustava kvalitete,<\/p>\n\n\n\n<p>&#8211; <strong>povjerenik<\/strong> za Labview,<\/p>\n\n\n\n<p>&#8211; <strong>voditelj<\/strong> poslijediplomskog sveu\u010dili\u0161nog studija <a href=\"https:\/\/www.pfst.unist.hr\/nastava\/studiji\/doktorski-studij\" data-type=\"link\" data-id=\"https:\/\/www.pfst.unist.hr\/nastava\/studiji\/doktorski-studij\">Tehnologije u pomorstvu<\/a>,<\/p>\n\n\n\n<p>&#8211; \u010dlan <a href=\"https:\/\/www.mdpi.com\/journal\/jmse\/submission_reviewers?page_no=8\" data-type=\"link\" data-id=\"https:\/\/www.mdpi.com\/journal\/jmse\/submission_reviewers?page_no=8\"><strong>Reviewer Board<\/strong> <\/a>Journal of Marine Science and Engineering (MDPI),<\/p>\n\n\n\n<p>&#8211; \u010dlan <a href=\"https:\/\/www.mdpi.com\/journal\/signals\/topical_advisory_panel\" data-type=\"link\" data-id=\"https:\/\/www.mdpi.com\/journal\/signals\/topical_advisory_panel\"><strong>Topic Board<\/strong> <\/a>\u010dasopisa Signals,<\/p>\n\n\n\n<p>&#8211; \u010dlan <strong><a href=\"https:\/\/www.mdpi.com\/journal\/electronics\/submission_reviewers?page_no=14\" data-type=\"link\" data-id=\"https:\/\/www.mdpi.com\/journal\/electronics\/submission_reviewers?page_no=14\">Reviewer Board<\/a><\/strong> Electronics (MDPI),<\/p>\n\n\n\n<p>&#8211; Gost urednik posebnog izdanja &#8220;Biomedical Signal Processing and Machine Learning Techniques&#8221; (\u010dasopisApplied Sciences)<\/p>\n\n\n\n<p><strong>OSTALO:<\/strong><\/p>\n\n\n\n<p>2018. MATLAB Deep Learning training course<\/p>\n\n\n\n<p>2018. MATLAB Onramp training course<\/p>\n\n\n\n<p>2018. Boat skipper (voditelj brodice), kategorija B<\/p>\n\n\n\n<p>2015. Towards New Frontiers of Peer Review, COST<\/p>\n\n\n\n<p>2012. Workshop for Editors Publishing Integrity in the Digital Age, EASE<\/p>\n\n\n\n<p>2012. CrossRef Cited-by Linking Webinar<\/p>\n\n\n\n<p>1992. Voditelj \u010damca (Boat leader)<\/p>\n\n\n\n<p>1980-1986. Ni\u017ea muzi\u010dka \u0161kola (violina)<\/p>\n\n\n\n<p><\/p>\n","protected":false},"excerpt":{"rendered":"<p>BIOGRAPHY Igor Vujovi\u0107 ro\u0111en je u Splitu 29. listopada 1972. godine. U Plo\u010dama je s odli\u010dnim uspjehom zavr\u0161io osnovnu \u0161kolu i prirodoslovno-matemati\u010dku gimnaziju. Sudjelovao je na regionalnom takmi\u010denju mladih fizi\u010dara 1989. godine. Nakon osnovne \u0161kole zavr\u0161io je i muzi\u010dku \u0161kolu u Plo\u010dama (instrument violina, klasa prof. Bauer Tibor). Diplomirao je elektrotehniku na splitskom Fakultetu elektrotehnike, [&hellip;]<\/p>\n","protected":false},"author":1,"featured_media":0,"parent":0,"menu_order":0,"comment_status":"closed","ping_status":"closed","template":"","meta":{"footnotes":""},"class_list":["post-51","page","type-page","status-publish","hentry"],"_links":{"self":[{"href":"https:\/\/ivujovic.pfst.hr\/index.php\/wp-json\/wp\/v2\/pages\/51","targetHints":{"allow":["GET"]}}],"collection":[{"href":"https:\/\/ivujovic.pfst.hr\/index.php\/wp-json\/wp\/v2\/pages"}],"about":[{"href":"https:\/\/ivujovic.pfst.hr\/index.php\/wp-json\/wp\/v2\/types\/page"}],"author":[{"embeddable":true,"href":"https:\/\/ivujovic.pfst.hr\/index.php\/wp-json\/wp\/v2\/users\/1"}],"replies":[{"embeddable":true,"href":"https:\/\/ivujovic.pfst.hr\/index.php\/wp-json\/wp\/v2\/comments?post=51"}],"version-history":[{"count":8,"href":"https:\/\/ivujovic.pfst.hr\/index.php\/wp-json\/wp\/v2\/pages\/51\/revisions"}],"predecessor-version":[{"id":353,"href":"https:\/\/ivujovic.pfst.hr\/index.php\/wp-json\/wp\/v2\/pages\/51\/revisions\/353"}],"wp:attachment":[{"href":"https:\/\/ivujovic.pfst.hr\/index.php\/wp-json\/wp\/v2\/media?parent=51"}],"curies":[{"name":"wp","href":"https:\/\/api.w.org\/{rel}","templated":true}]}}